[INFO] cloning repository https://github.com/KaiserKyle/Rust_Chip8
[INFO] running `Command { std: "git" "-c" "credential.helper=" "-c" "credential.helper=/workspace/cargo-home/bin/git-credential-null" "clone" "--bare" "https://github.com/KaiserKyle/Rust_Chip8" "/workspace/cache/git-repos/https%3A%2F%2Fgithub.com%2FKaiserKyle%2FRust_Chip8", kill_on_drop: false }`
[INFO] [stderr] Cloning into bare repository '/workspace/cache/git-repos/https%3A%2F%2Fgithub.com%2FKaiserKyle%2FRust_Chip8'...
[INFO] running `Command { std: "git" "rev-parse" "HEAD", kill_on_drop: false }`
[INFO] [stdout] dd970b28bf488d77895a93093246daf3820abe7b
[INFO] checking KaiserKyle/Rust_Chip8 against master#cfbc6d4cf1acbac5c025acf8ed68929caa551df3 for pr-75494-beta
[INFO] running `Command { std: "git" "clone" "/workspace/cache/git-repos/https%3A%2F%2Fgithub.com%2FKaiserKyle%2FRust_Chip8" "/workspace/builds/worker-2/source", kill_on_drop: false }`
[INFO] [stderr] Cloning into '/workspace/builds/worker-2/source'...
[INFO] [stderr] done.
[INFO] validating manifest of git repo https://github.com/KaiserKyle/Rust_Chip8 on toolchain cfbc6d4cf1acbac5c025acf8ed68929caa551df3
[INFO] running `Command { std: "/workspace/cargo-home/bin/cargo" "+cfbc6d4cf1acbac5c025acf8ed68929caa551df3" "read-manifest" "--manifest-path" "Cargo.toml", kill_on_drop: false }`
[INFO] started tweaking git repo https://github.com/KaiserKyle/Rust_Chip8
[INFO] finished tweaking git repo https://github.com/KaiserKyle/Rust_Chip8
[INFO] tweaked toml for git repo https://github.com/KaiserKyle/Rust_Chip8 written to /workspace/builds/worker-2/source/Cargo.toml
[INFO] crate git repo https://github.com/KaiserKyle/Rust_Chip8 already has a lockfile, it will not be regenerated
[INFO] running `Command { std: "/workspace/cargo-home/bin/cargo" "+cfbc6d4cf1acbac5c025acf8ed68929caa551df3" "fetch" "--locked" "--manifest-path" "Cargo.toml", kill_on_drop: false }`
[INFO] [stderr] error: the lock file /workspace/builds/worker-2/source/Cargo.lock needs to be updated but --locked was passed to prevent this
[INFO] [stderr] If you want to try to generate the lock file without accessing the network, use the --offline flag.
[INFO] the lockfile is outdated, regenerating it
[INFO] running `Command { std: "/workspace/cargo-home/bin/cargo" "+cfbc6d4cf1acbac5c025acf8ed68929caa551df3" "generate-lockfile" "--manifest-path" "Cargo.toml" "-Zno-index-update", kill_on_drop: false }`
[INFO] running `Command { std: "/workspace/cargo-home/bin/cargo" "+cfbc6d4cf1acbac5c025acf8ed68929caa551df3" "fetch" "--locked" "--manifest-path" "Cargo.toml", kill_on_drop: false }`
[INFO] [stderr]     Blocking waiting for file lock on package cache
[INFO] [stderr]  Downloading crates ...
[INFO] [stderr]   Downloaded glium v0.27.0
[INFO] running `Command { std: "docker" "create" "-v" "/var/lib/crater-agent-workspace/builds/worker-2/target:/opt/rustwide/target:rw,Z" "-v" "/var/lib/crater-agent-workspace/builds/worker-2/source:/opt/rustwide/workdir:ro,Z" "-v" "/var/lib/crater-agent-workspace/cargo-home:/opt/rustwide/cargo-home:ro,Z" "-v" "/var/lib/crater-agent-workspace/rustup-home:/opt/rustwide/rustup-home:ro,Z" "-e" "SOURCE_DIR=/opt/rustwide/workdir" "-e" "CARGO_TARGET_DIR=/opt/rustwide/target" "-e" "CARGO_HOME=/opt/rustwide/cargo-home" "-e" "RUSTUP_HOME=/opt/rustwide/rustup-home" "-w" "/opt/rustwide/workdir" "-m" "1610612736" "--user" "0:0" "--network" "none" "rustops/crates-build-env@sha256:a636fd89d022f18117e1dc8fb37a0a009933cdbbe082814857f0e2024962d47c" "/opt/rustwide/cargo-home/bin/cargo" "+cfbc6d4cf1acbac5c025acf8ed68929caa551df3" "metadata" "--no-deps" "--format-version=1", kill_on_drop: false }`
[INFO] [stderr] WARNING: Your kernel does not support swap limit capabilities or the cgroup is not mounted. Memory limited without swap.
[INFO] [stdout] 21c014d792b526ba79407e087d76f3b00b4efcc6b57be2491c6fca0c9199bbc0
[INFO] running `Command { std: "docker" "start" "-a" "21c014d792b526ba79407e087d76f3b00b4efcc6b57be2491c6fca0c9199bbc0", kill_on_drop: false }`
[INFO] running `Command { std: "docker" "inspect" "21c014d792b526ba79407e087d76f3b00b4efcc6b57be2491c6fca0c9199bbc0", kill_on_drop: false }`
[INFO] running `Command { std: "docker" "rm" "-f" "21c014d792b526ba79407e087d76f3b00b4efcc6b57be2491c6fca0c9199bbc0", kill_on_drop: false }`
[INFO] [stdout] 21c014d792b526ba79407e087d76f3b00b4efcc6b57be2491c6fca0c9199bbc0
[INFO] running `Command { std: "docker" "create" "-v" "/var/lib/crater-agent-workspace/builds/worker-2/target:/opt/rustwide/target:rw,Z" "-v" "/var/lib/crater-agent-workspace/builds/worker-2/source:/opt/rustwide/workdir:ro,Z" "-v" "/var/lib/crater-agent-workspace/cargo-home:/opt/rustwide/cargo-home:ro,Z" "-v" "/var/lib/crater-agent-workspace/rustup-home:/opt/rustwide/rustup-home:ro,Z" "-e" "SOURCE_DIR=/opt/rustwide/workdir" "-e" "CARGO_TARGET_DIR=/opt/rustwide/target" "-e" "CARGO_INCREMENTAL=0" "-e" "RUST_BACKTRACE=full" "-e" "RUSTFLAGS=--cap-lints=forbid" "-e" "CARGO_HOME=/opt/rustwide/cargo-home" "-e" "RUSTUP_HOME=/opt/rustwide/rustup-home" "-w" "/opt/rustwide/workdir" "-m" "1610612736" "--user" "0:0" "--network" "none" "rustops/crates-build-env@sha256:a636fd89d022f18117e1dc8fb37a0a009933cdbbe082814857f0e2024962d47c" "/opt/rustwide/cargo-home/bin/cargo" "+cfbc6d4cf1acbac5c025acf8ed68929caa551df3" "check" "--frozen" "--all" "--all-targets" "--message-format=json", kill_on_drop: false }`
[INFO] [stdout] 5e31634258d46ee96653a5438cbaee06ed915fbbc100d31df304bcc7efb23ec4
[INFO] [stderr] WARNING: Your kernel does not support swap limit capabilities or the cgroup is not mounted. Memory limited without swap.
[INFO] running `Command { std: "docker" "start" "-a" "5e31634258d46ee96653a5438cbaee06ed915fbbc100d31df304bcc7efb23ec4", kill_on_drop: false }`
[INFO] [stderr]     Blocking waiting for file lock on package cache
[INFO] [stderr]    Compiling log v0.4.11
[INFO] [stderr]     Checking cfg-if v0.1.10
[INFO] [stderr]    Compiling xml-rs v0.8.3
[INFO] [stderr]    Compiling bitflags v1.2.1
[INFO] [stderr]     Checking lazy_static v1.4.0
[INFO] [stderr]    Compiling libloading v0.6.2
[INFO] [stderr]    Compiling byteorder v1.3.4
[INFO] [stderr]    Compiling nix v0.14.1
[INFO] [stderr]     Checking slab v0.4.2
[INFO] [stderr]     Checking lazycell v1.3.0
[INFO] [stderr]    Compiling pkg-config v0.3.18
[INFO] [stderr]    Compiling proc-macro2 v1.0.19
[INFO] [stderr]     Checking same-file v1.0.6
[INFO] [stderr]    Compiling unicode-xid v0.2.1
[INFO] [stderr]     Checking downcast-rs v1.2.0
[INFO] [stderr]     Checking smallvec v1.4.2
[INFO] [stderr]    Compiling getrandom v0.1.14
[INFO] [stderr]     Checking gimli v0.22.0
[INFO] [stderr]    Compiling proc-macro-hack v0.5.18
[INFO] [stderr]     Checking percent-encoding v2.1.0
[INFO] [stderr]     Checking instant v0.1.6
[INFO] [stderr]     Checking adler v0.2.3
[INFO] [stderr]     Checking object v0.20.0
[INFO] [stderr]     Checking lazy_static v0.2.11
[INFO] [stderr]     Checking fnv v1.0.7
[INFO] [stderr]     Checking takeable-option v0.5.0
[INFO] [stderr]    Compiling memoffset v0.5.5
[INFO] [stderr]    Compiling standback v0.2.9
[INFO] [stderr]    Compiling time v0.2.16
[INFO] [stderr]     Checking walkdir v2.3.1
[INFO] [stderr]     Checking lock_api v0.3.4
[INFO] [stderr]    Compiling libloading v0.5.2
[INFO] [stderr]     Checking miniz_oxide v0.4.1
[INFO] [stderr]     Checking schedule_recv v0.1.0
[INFO] [stderr]     Checking iovec v0.1.4
[INFO] [stderr]     Checking net2 v0.2.34
[INFO] [stderr]     Checking parking_lot_core v0.7.2
[INFO] [stderr]     Checking memmap v0.7.0
[INFO] [stderr]     Checking raw-window-handle v0.3.3
[INFO] [stderr]     Checking shared_library v0.1.9
[INFO] [stderr]    Compiling quote v0.6.13
[INFO] [stderr]     Checking dlib v0.4.2
[INFO] [stderr]    Compiling gl_generator v0.14.0
[INFO] [stderr]     Checking approx v0.3.2
[INFO] [stderr]     Checking ordered-float v1.1.0
[INFO] [stderr]     Checking line_drawing v0.7.0
[INFO] [stderr]     Checking osmesa-sys v0.1.2
[INFO] [stderr]     Checking parking_lot v0.10.2
[INFO] [stderr]     Checking mio v0.6.22
[INFO] [stderr]     Checking wayland-sys v0.23.6
[INFO] [stderr]    Compiling wayland-scanner v0.23.6
[INFO] [stderr]     Checking rand_core v0.5.1
[INFO] [stderr]    Compiling x11-dl v2.18.5
[INFO] [stderr]     Checking stb_truetype v0.3.1
[INFO] [stderr]    Compiling quote v1.0.7
[INFO] [stderr]     Checking rand_chacha v0.2.2
[INFO] [stderr]    Compiling syn v1.0.39
[INFO] [stderr]     Checking rand v0.7.3
[INFO] [stderr]     Checking rusttype v0.8.3
[INFO] [stderr]     Checking mio-extras v2.0.6
[INFO] [stderr]    Compiling glutin_egl_sys v0.1.5
[INFO] [stderr]    Compiling glutin_glx_sys v0.1.7
[INFO] [stderr]    Compiling glium v0.27.0
[INFO] [stderr]     Checking rusttype v0.7.9
[INFO] [stderr]     Checking andrew v0.2.1
[INFO] [stderr]     Checking addr2line v0.13.0
[INFO] [stderr]    Compiling wayland-client v0.23.6
[INFO] [stderr]    Compiling wayland-protocols v0.23.6
[INFO] [stderr]     Checking backtrace v0.3.50
[INFO] [stderr]     Checking wayland-commons v0.23.6
[INFO] [stderr]     Checking calloop v0.4.4
[INFO] [stderr]    Compiling time-macros-impl v0.1.1
[INFO] [stderr]     Checking time-macros v0.1.0
[INFO] [stderr]     Checking smithay-client-toolkit v0.6.6
[INFO] [stderr]     Checking winit v0.22.2
[INFO] [stderr]     Checking glutin v0.24.1
[INFO] [stderr]     Checking rust_chip8 v0.1.0 (/opt/rustwide/workdir)
[INFO] [stdout] error[E0432]: unresolved import `glium::DisplayBuild`
[INFO] [stdout]   --> src/main.rs:14:13
[INFO] [stdout]    |
[INFO] [stdout] 14 | use glium::{DisplayBuild, Surface};
[INFO] [stdout]    |             ^^^^^^^^^^^^ no `DisplayBuild` in the root
[INFO] [stdout] 
[INFO] [stdout] 
[INFO] [stdout] error[E0433]: failed to resolve: could not find `glutin_backend` in `backend`
[INFO] [stdout]    --> src/main.rs:123:70
[INFO] [stdout]     |
[INFO] [stdout] 123 | fn handle_keyboard(state: &mut Chip8State, display: &glium::backend::glutin_backend::GlutinFacade) {
[INFO] [stdout]     |                                                                      ^^^^^^^^^^^^^^ could not find `glutin_backend` in `backend`
[INFO] [stdout] 
[INFO] [stdout] 
[INFO] [stdout] error[E0433]: failed to resolve: could not find `Event` in `glutin`
[INFO] [stdout]    --> src/main.rs:126:28
[INFO] [stdout]     |
[INFO] [stdout] 126 |             glium::glutin::Event::KeyboardInput(glium::glutin::ElementState::Pressed, _, Some(key)) => {
[INFO] [stdout]     |                            ^^^^^ could not find `Event` in `glutin`
[INFO] [stdout] 
[INFO] [stdout] 
[INFO] [stdout] error[E0433]: failed to resolve: could not find `ElementState` in `glutin`
[INFO] [stdout]    --> src/main.rs:126:64
[INFO] [stdout]     |
[INFO] [stdout] 126 |             glium::glutin::Event::KeyboardInput(glium::glutin::ElementState::Pressed, _, Some(key)) => {
[INFO] [stdout]     |                                                                ^^^^^^^^^^^^ could not find `ElementState` in `glutin`
[INFO] [stdout] 
[INFO] [stdout] 
[INFO] [stdout] error[E0433]: failed to resolve: could not find `VirtualKeyCode` in `glutin`
[INFO] [stdout]    --> src/main.rs:128:36
[INFO] [stdout]     |
[INFO] [stdout] 128 |                     glium::glutin::VirtualKeyCode::Key1 => {
[INFO] [stdout]     |                                    ^^^^^^^^^^^^^^ could not find `VirtualKeyCode` in `glutin`
[INFO] [stdout] 
[INFO] [stdout] 
[INFO] [stdout] error[E0433]: failed to resolve: could not find `VirtualKeyCode` in `glutin`
[INFO] [stdout]    --> src/main.rs:131:36
[INFO] [stdout]     |
[INFO] [stdout] 131 |                     glium::glutin::VirtualKeyCode::Key2 => {
[INFO] [stdout]     |                                    ^^^^^^^^^^^^^^ could not find `VirtualKeyCode` in `glutin`
[INFO] [stdout] 
[INFO] [stdout] 
[INFO] [stdout] error[E0433]: failed to resolve: could not find `VirtualKeyCode` in `glutin`
[INFO] [stdout]    --> src/main.rs:134:36
[INFO] [stdout]     |
[INFO] [stdout] 134 |                     glium::glutin::VirtualKeyCode::Key3 => {
[INFO] [stdout]     |                                    ^^^^^^^^^^^^^^ could not find `VirtualKeyCode` in `glutin`
[INFO] [stdout] 
[INFO] [stdout] 
[INFO] [stdout] error[E0433]: failed to resolve: could not find `VirtualKeyCode` in `glutin`
[INFO] [stdout]    --> src/main.rs:137:36
[INFO] [stdout]     |
[INFO] [stdout] 137 |                     glium::glutin::VirtualKeyCode::Key4 => {
[INFO] [stdout]     |                                    ^^^^^^^^^^^^^^ could not find `VirtualKeyCode` in `glutin`
[INFO] [stdout] 
[INFO] [stdout] 
[INFO] [stdout] error[E0433]: failed to resolve: could not find `VirtualKeyCode` in `glutin`
[INFO] [stdout]    --> src/main.rs:140:36
[INFO] [stdout]     |
[INFO] [stdout] 140 |                     glium::glutin::VirtualKeyCode::Q => {
[INFO] [stdout]     |                                    ^^^^^^^^^^^^^^ could not find `VirtualKeyCode` in `glutin`
[INFO] [stdout] 
[INFO] [stdout] 
[INFO] [stdout] error[E0433]: failed to resolve: could not find `VirtualKeyCode` in `glutin`
[INFO] [stdout]    --> src/main.rs:143:36
[INFO] [stdout]     |
[INFO] [stdout] 143 |                     glium::glutin::VirtualKeyCode::W => {
[INFO] [stdout]     |                                    ^^^^^^^^^^^^^^ could not find `VirtualKeyCode` in `glutin`
[INFO] [stdout] 
[INFO] [stdout] 
[INFO] [stdout] error[E0433]: failed to resolve: could not find `VirtualKeyCode` in `glutin`
[INFO] [stdout]    --> src/main.rs:146:36
[INFO] [stdout]     |
[INFO] [stdout] 146 |                     glium::glutin::VirtualKeyCode::E => {
[INFO] [stdout]     |                                    ^^^^^^^^^^^^^^ could not find `VirtualKeyCode` in `glutin`
[INFO] [stdout] 
[INFO] [stdout] 
[INFO] [stdout] error[E0433]: failed to resolve: could not find `VirtualKeyCode` in `glutin`
[INFO] [stdout]    --> src/main.rs:149:36
[INFO] [stdout]     |
[INFO] [stdout] 149 |                     glium::glutin::VirtualKeyCode::R => {
[INFO] [stdout]     |                                    ^^^^^^^^^^^^^^ could not find `VirtualKeyCode` in `glutin`
[INFO] [stdout] 
[INFO] [stdout] 
[INFO] [stdout] error[E0433]: failed to resolve: could not find `VirtualKeyCode` in `glutin`
[INFO] [stdout]    --> src/main.rs:152:36
[INFO] [stdout]     |
[INFO] [stdout] 152 |                     glium::glutin::VirtualKeyCode::A => {
[INFO] [stdout]     |                                    ^^^^^^^^^^^^^^ could not find `VirtualKeyCode` in `glutin`
[INFO] [stdout] 
[INFO] [stdout] 
[INFO] [stdout] error[E0433]: failed to resolve: could not find `VirtualKeyCode` in `glutin`
[INFO] [stdout]    --> src/main.rs:155:36
[INFO] [stdout]     |
[INFO] [stdout] 155 |                     glium::glutin::VirtualKeyCode::S => {
[INFO] [stdout]     |                                    ^^^^^^^^^^^^^^ could not find `VirtualKeyCode` in `glutin`
[INFO] [stdout] 
[INFO] [stdout] 
[INFO] [stdout] error[E0433]: failed to resolve: could not find `VirtualKeyCode` in `glutin`
[INFO] [stdout]    --> src/main.rs:158:36
[INFO] [stdout]     |
[INFO] [stdout] 158 |                     glium::glutin::VirtualKeyCode::D => {
[INFO] [stdout]     |                                    ^^^^^^^^^^^^^^ could not find `VirtualKeyCode` in `glutin`
[INFO] [stdout] 
[INFO] [stdout] 
[INFO] [stdout] error[E0433]: failed to resolve: could not find `VirtualKeyCode` in `glutin`
[INFO] [stdout]    --> src/main.rs:161:36
[INFO] [stdout]     |
[INFO] [stdout] 161 |                     glium::glutin::VirtualKeyCode::F => {
[INFO] [stdout]     |                                    ^^^^^^^^^^^^^^ could not find `VirtualKeyCode` in `glutin`
[INFO] [stdout] 
[INFO] [stdout] 
[INFO] [stdout] error[E0433]: failed to resolve: could not find `VirtualKeyCode` in `glutin`
[INFO] [stdout]    --> src/main.rs:164:36
[INFO] [stdout]     |
[INFO] [stdout] 164 |                     glium::glutin::VirtualKeyCode::Z => {
[INFO] [stdout]     |                                    ^^^^^^^^^^^^^^ could not find `VirtualKeyCode` in `glutin`
[INFO] [stdout] 
[INFO] [stdout] 
[INFO] [stdout] error[E0433]: failed to resolve: could not find `VirtualKeyCode` in `glutin`
[INFO] [stdout]    --> src/main.rs:167:36
[INFO] [stdout]     |
[INFO] [stdout] 167 |                     glium::glutin::VirtualKeyCode::X => {
[INFO] [stdout]     |                                    ^^^^^^^^^^^^^^ could not find `VirtualKeyCode` in `glutin`
[INFO] [stdout] 
[INFO] [stdout] 
[INFO] [stdout] error[E0433]: failed to resolve: could not find `VirtualKeyCode` in `glutin`
[INFO] [stdout]    --> src/main.rs:170:36
[INFO] [stdout]     |
[INFO] [stdout] 170 |                     glium::glutin::VirtualKeyCode::C => {
[INFO] [stdout]     |                                    ^^^^^^^^^^^^^^ could not find `VirtualKeyCode` in `glutin`
[INFO] [stdout] 
[INFO] [stdout] 
[INFO] [stdout] error[E0433]: failed to resolve: could not find `VirtualKeyCode` in `glutin`
[INFO] [stdout]    --> src/main.rs:173:36
[INFO] [stdout]     |
[INFO] [stdout] 173 |                     glium::glutin::VirtualKeyCode::V => {
[INFO] [stdout]     |                                    ^^^^^^^^^^^^^^ could not find `VirtualKeyCode` in `glutin`
[INFO] [stdout] 
[INFO] [stdout] 
[INFO] [stdout] error[E0433]: failed to resolve: could not find `Event` in `glutin`
[INFO] [stdout]    --> src/main.rs:179:28
[INFO] [stdout]     |
[INFO] [stdout] 179 |             glium::glutin::Event::KeyboardInput(glium::glutin::ElementState::Released, _, Some(key)) => {
[INFO] [stdout]     |                            ^^^^^ could not find `Event` in `glutin`
[INFO] [stdout] 
[INFO] [stdout] 
[INFO] [stdout] error[E0433]: failed to resolve: could not find `ElementState` in `glutin`
[INFO] [stdout]    --> src/main.rs:179:64
[INFO] [stdout]     |
[INFO] [stdout] 179 |             glium::glutin::Event::KeyboardInput(glium::glutin::ElementState::Released, _, Some(key)) => {
[INFO] [stdout]     |                                                                ^^^^^^^^^^^^ could not find `ElementState` in `glutin`
[INFO] [stdout] 
[INFO] [stdout] 
[INFO] [stdout] error[E0433]: failed to resolve: could not find `VirtualKeyCode` in `glutin`
[INFO] [stdout]    --> src/main.rs:181:36
[INFO] [stdout]     |
[INFO] [stdout] 181 |                     glium::glutin::VirtualKeyCode::Key1 => {
[INFO] [stdout]     |                                    ^^^^^^^^^^^^^^ could not find `VirtualKeyCode` in `glutin`
[INFO] [stdout] 
[INFO] [stdout] 
[INFO] [stdout] error[E0433]: failed to resolve: could not find `VirtualKeyCode` in `glutin`
[INFO] [stdout]    --> src/main.rs:184:36
[INFO] [stdout]     |
[INFO] [stdout] 184 |                     glium::glutin::VirtualKeyCode::Key2 => {
[INFO] [stdout]     |                                    ^^^^^^^^^^^^^^ could not find `VirtualKeyCode` in `glutin`
[INFO] [stdout] 
[INFO] [stdout] 
[INFO] [stdout] error[E0433]: failed to resolve: could not find `VirtualKeyCode` in `glutin`
[INFO] [stdout]    --> src/main.rs:187:36
[INFO] [stdout]     |
[INFO] [stdout] 187 |                     glium::glutin::VirtualKeyCode::Key3 => {
[INFO] [stdout]     |                                    ^^^^^^^^^^^^^^ could not find `VirtualKeyCode` in `glutin`
[INFO] [stdout] 
[INFO] [stdout] 
[INFO] [stdout] error[E0433]: failed to resolve: could not find `VirtualKeyCode` in `glutin`
[INFO] [stdout]    --> src/main.rs:190:36
[INFO] [stdout]     |
[INFO] [stdout] 190 |                     glium::glutin::VirtualKeyCode::Key4 => {
[INFO] [stdout]     |                                    ^^^^^^^^^^^^^^ could not find `VirtualKeyCode` in `glutin`
[INFO] [stdout] 
[INFO] [stdout] 
[INFO] [stdout] error[E0433]: failed to resolve: could not find `VirtualKeyCode` in `glutin`
[INFO] [stdout]    --> src/main.rs:193:36
[INFO] [stdout]     |
[INFO] [stdout] 193 |                     glium::glutin::VirtualKeyCode::Q => {
[INFO] [stdout]     |                                    ^^^^^^^^^^^^^^ could not find `VirtualKeyCode` in `glutin`
[INFO] [stdout] 
[INFO] [stdout] 
[INFO] [stdout] error[E0433]: failed to resolve: could not find `VirtualKeyCode` in `glutin`
[INFO] [stdout]    --> src/main.rs:196:36
[INFO] [stdout]     |
[INFO] [stdout] 196 |                     glium::glutin::VirtualKeyCode::W => {
[INFO] [stdout]     |                                    ^^^^^^^^^^^^^^ could not find `VirtualKeyCode` in `glutin`
[INFO] [stdout] 
[INFO] [stdout] 
[INFO] [stdout] error[E0433]: failed to resolve: could not find `VirtualKeyCode` in `glutin`
[INFO] [stdout]    --> src/main.rs:199:36
[INFO] [stdout]     |
[INFO] [stdout] 199 |                     glium::glutin::VirtualKeyCode::E => {
[INFO] [stdout]     |                                    ^^^^^^^^^^^^^^ could not find `VirtualKeyCode` in `glutin`
[INFO] [stdout] 
[INFO] [stdout] 
[INFO] [stdout] error[E0433]: failed to resolve: could not find `VirtualKeyCode` in `glutin`
[INFO] [stdout]    --> src/main.rs:202:36
[INFO] [stdout]     |
[INFO] [stdout] 202 |                     glium::glutin::VirtualKeyCode::R => {
[INFO] [stdout]     |                                    ^^^^^^^^^^^^^^ could not find `VirtualKeyCode` in `glutin`
[INFO] [stdout] 
[INFO] [stdout] 
[INFO] [stdout] error[E0433]: failed to resolve: could not find `VirtualKeyCode` in `glutin`
[INFO] [stdout]    --> src/main.rs:205:36
[INFO] [stdout]     |
[INFO] [stdout] 205 |                     glium::glutin::VirtualKeyCode::A => {
[INFO] [stdout]     |                                    ^^^^^^^^^^^^^^ could not find `VirtualKeyCode` in `glutin`
[INFO] [stdout] 
[INFO] [stdout] 
[INFO] [stdout] error[E0433]: failed to resolve: could not find `VirtualKeyCode` in `glutin`
[INFO] [stdout]    --> src/main.rs:208:36
[INFO] [stdout]     |
[INFO] [stdout] 208 |                     glium::glutin::VirtualKeyCode::S => {
[INFO] [stdout]     |                                    ^^^^^^^^^^^^^^ could not find `VirtualKeyCode` in `glutin`
[INFO] [stdout] 
[INFO] [stdout] 
[INFO] [stdout] error[E0433]: failed to resolve: could not find `VirtualKeyCode` in `glutin`
[INFO] [stdout]    --> src/main.rs:211:36
[INFO] [stdout]     |
[INFO] [stdout] 211 |                     glium::glutin::VirtualKeyCode::D => {
[INFO] [stdout]     |                                    ^^^^^^^^^^^^^^ could not find `VirtualKeyCode` in `glutin`
[INFO] [stdout] 
[INFO] [stdout] 
[INFO] [stdout] error[E0433]: failed to resolve: could not find `VirtualKeyCode` in `glutin`
[INFO] [stdout]    --> src/main.rs:214:36
[INFO] [stdout]     |
[INFO] [stdout] 214 |                     glium::glutin::VirtualKeyCode::F => {
[INFO] [stdout]     |                                    ^^^^^^^^^^^^^^ could not find `VirtualKeyCode` in `glutin`
[INFO] [stdout] 
[INFO] [stdout] 
[INFO] [stdout] error[E0433]: failed to resolve: could not find `VirtualKeyCode` in `glutin`
[INFO] [stdout]    --> src/main.rs:217:36
[INFO] [stdout]     |
[INFO] [stdout] 217 |                     glium::glutin::VirtualKeyCode::Z => {
[INFO] [stdout]     |                                    ^^^^^^^^^^^^^^ could not find `VirtualKeyCode` in `glutin`
[INFO] [stdout] 
[INFO] [stdout] 
[INFO] [stdout] error[E0433]: failed to resolve: could not find `VirtualKeyCode` in `glutin`
[INFO] [stdout]    --> src/main.rs:220:36
[INFO] [stdout]     |
[INFO] [stdout] 220 |                     glium::glutin::VirtualKeyCode::X => {
[INFO] [stdout]     |                                    ^^^^^^^^^^^^^^ could not find `VirtualKeyCode` in `glutin`
[INFO] [stdout] 
[INFO] [stdout] 
[INFO] [stdout] error[E0433]: failed to resolve: could not find `VirtualKeyCode` in `glutin`
[INFO] [stdout]    --> src/main.rs:223:36
[INFO] [stdout]     |
[INFO] [stdout] 223 |                     glium::glutin::VirtualKeyCode::C => {
[INFO] [stdout]     |                                    ^^^^^^^^^^^^^^ could not find `VirtualKeyCode` in `glutin`
[INFO] [stdout] 
[INFO] [stdout] 
[INFO] [stdout] error[E0433]: failed to resolve: could not find `VirtualKeyCode` in `glutin`
[INFO] [stdout]    --> src/main.rs:226:36
[INFO] [stdout]     |
[INFO] [stdout] 226 |                     glium::glutin::VirtualKeyCode::V => {
[INFO] [stdout]     |                                    ^^^^^^^^^^^^^^ could not find `VirtualKeyCode` in `glutin`
[INFO] [stdout] 
[INFO] [stdout] 
[INFO] [stdout] error[E0433]: failed to resolve: could not find `glutin_backend` in `backend`
[INFO] [stdout]    --> src/main.rs:238:90
[INFO] [stdout]     |
[INFO] [stdout] 238 | fn emulate_cycle(state: &mut Chip8State, memory: &mut Vec<u8>, display: &glium::backend::glutin_backend::GlutinFacade) {   
[INFO] [stdout]     |                                                                                          ^^^^^^^^^^^^^^ could not find `glutin_backend` in `backend`
[INFO] [stdout] 
[INFO] [stdout] 
[INFO] [stdout] error[E0433]: failed to resolve: could not find `WindowBuilder` in `glutin`
[INFO] [stdout]   --> src/main.rs:65:27
[INFO] [stdout]    |
[INFO] [stdout] 65 |     let display = glutin::WindowBuilder::new()
[INFO] [stdout]    |                           ^^^^^^^^^^^^^ not found in `glutin`
[INFO] [stdout]    |
[INFO] [stdout] help: consider importing this struct
[INFO] [stdout]    |
[INFO] [stdout] 7  | use glutin::window::WindowBuilder;
[INFO] [stdout]    |
[INFO] [stdout] 
[INFO] [stdout] 
[INFO] [stdout] warning: unused `#[macro_use]` import
[INFO] [stdout]  --> src/main.rs:1:1
[INFO] [stdout]   |
[INFO] [stdout] 1 | #[macro_use]
[INFO] [stdout]   | ^^^^^^^^^^^^
[INFO] [stdout]   |
[INFO] [stdout]   = note: `#[warn(unused_imports)]` on by default
[INFO] [stdout] 
[INFO] [stdout] 
[INFO] [stdout] error[E0432]: unresolved import `glium::DisplayBuild`
[INFO] [stdout]   --> src/main.rs:14:13
[INFO] [stdout]    |
[INFO] [stdout] 14 | use glium::{DisplayBuild, Surface};
[INFO] [stdout]    |             ^^^^^^^^^^^^ no `DisplayBuild` in the root
[INFO] [stdout] 
[INFO] [stdout] 
[INFO] [stdout] error[E0433]: failed to resolve: could not find `glutin_backend` in `backend`
[INFO] [stdout]    --> src/main.rs:123:70
[INFO] [stdout]     |
[INFO] [stdout] 123 | fn handle_keyboard(state: &mut Chip8State, display: &glium::backend::glutin_backend::GlutinFacade) {
[INFO] [stdout]     |                                                                      ^^^^^^^^^^^^^^ could not find `glutin_backend` in `backend`
[INFO] [stdout] 
[INFO] [stdout] 
[INFO] [stdout] error[E0433]: failed to resolve: could not find `Event` in `glutin`
[INFO] [stdout]    --> src/main.rs:126:28
[INFO] [stdout]     |
[INFO] [stdout] 126 |             glium::glutin::Event::KeyboardInput(glium::glutin::ElementState::Pressed, _, Some(key)) => {
[INFO] [stdout]     |                            ^^^^^ could not find `Event` in `glutin`
[INFO] [stdout] 
[INFO] [stdout] 
[INFO] [stdout] error[E0433]: failed to resolve: could not find `ElementState` in `glutin`
[INFO] [stdout]    --> src/main.rs:126:64
[INFO] [stdout]     |
[INFO] [stdout] 126 |             glium::glutin::Event::KeyboardInput(glium::glutin::ElementState::Pressed, _, Some(key)) => {
[INFO] [stdout]     |                                                                ^^^^^^^^^^^^ could not find `ElementState` in `glutin`
[INFO] [stdout] 
[INFO] [stdout] 
[INFO] [stdout] error[E0433]: failed to resolve: could not find `VirtualKeyCode` in `glutin`
[INFO] [stdout]    --> src/main.rs:128:36
[INFO] [stdout]     |
[INFO] [stdout] 128 |                     glium::glutin::VirtualKeyCode::Key1 => {
[INFO] [stdout]     |                                    ^^^^^^^^^^^^^^ could not find `VirtualKeyCode` in `glutin`
[INFO] [stdout] 
[INFO] [stdout] 
[INFO] [stdout] error[E0433]: failed to resolve: could not find `VirtualKeyCode` in `glutin`
[INFO] [stdout]    --> src/main.rs:131:36
[INFO] [stdout]     |
[INFO] [stdout] 131 |                     glium::glutin::VirtualKeyCode::Key2 => {
[INFO] [stdout]     |                                    ^^^^^^^^^^^^^^ could not find `VirtualKeyCode` in `glutin`
[INFO] [stdout] 
[INFO] [stdout] 
[INFO] [stdout] error[E0433]: failed to resolve: could not find `VirtualKeyCode` in `glutin`
[INFO] [stdout]    --> src/main.rs:134:36
[INFO] [stdout]     |
[INFO] [stdout] 134 |                     glium::glutin::VirtualKeyCode::Key3 => {
[INFO] [stdout]     |                                    ^^^^^^^^^^^^^^ could not find `VirtualKeyCode` in `glutin`
[INFO] [stdout] 
[INFO] [stdout] 
[INFO] [stdout] error[E0433]: failed to resolve: could not find `VirtualKeyCode` in `glutin`
[INFO] [stdout]    --> src/main.rs:137:36
[INFO] [stdout]     |
[INFO] [stdout] 137 |                     glium::glutin::VirtualKeyCode::Key4 => {
[INFO] [stdout]     |                                    ^^^^^^^^^^^^^^ could not find `VirtualKeyCode` in `glutin`
[INFO] [stdout] 
[INFO] [stdout] 
[INFO] [stdout] error[E0433]: failed to resolve: could not find `VirtualKeyCode` in `glutin`
[INFO] [stdout]    --> src/main.rs:140:36
[INFO] [stdout]     |
[INFO] [stdout] 140 |                     glium::glutin::VirtualKeyCode::Q => {
[INFO] [stdout]     |                                    ^^^^^^^^^^^^^^ could not find `VirtualKeyCode` in `glutin`
[INFO] [stdout] 
[INFO] [stdout] 
[INFO] [stdout] error[E0433]: failed to resolve: could not find `VirtualKeyCode` in `glutin`
[INFO] [stdout]    --> src/main.rs:143:36
[INFO] [stdout]     |
[INFO] [stdout] 143 |                     glium::glutin::VirtualKeyCode::W => {
[INFO] [stdout]     |                                    ^^^^^^^^^^^^^^ could not find `VirtualKeyCode` in `glutin`
[INFO] [stdout] 
[INFO] [stdout] 
[INFO] [stdout] error[E0433]: failed to resolve: could not find `VirtualKeyCode` in `glutin`
[INFO] [stdout]    --> src/main.rs:146:36
[INFO] [stdout]     |
[INFO] [stdout] 146 |                     glium::glutin::VirtualKeyCode::E => {
[INFO] [stdout]     |                                    ^^^^^^^^^^^^^^ could not find `VirtualKeyCode` in `glutin`
[INFO] [stdout] 
[INFO] [stdout] 
[INFO] [stdout] error[E0433]: failed to resolve: could not find `VirtualKeyCode` in `glutin`
[INFO] [stdout]    --> src/main.rs:149:36
[INFO] [stdout]     |
[INFO] [stdout] 149 |                     glium::glutin::VirtualKeyCode::R => {
[INFO] [stdout]     |                                    ^^^^^^^^^^^^^^ could not find `VirtualKeyCode` in `glutin`
[INFO] [stdout] 
[INFO] [stdout] 
[INFO] [stdout] error[E0433]: failed to resolve: could not find `VirtualKeyCode` in `glutin`
[INFO] [stdout]    --> src/main.rs:152:36
[INFO] [stdout]     |
[INFO] [stdout] 152 |                     glium::glutin::VirtualKeyCode::A => {
[INFO] [stdout]     |                                    ^^^^^^^^^^^^^^ could not find `VirtualKeyCode` in `glutin`
[INFO] [stdout] 
[INFO] [stdout] 
[INFO] [stdout] error[E0433]: failed to resolve: could not find `VirtualKeyCode` in `glutin`
[INFO] [stdout]    --> src/main.rs:155:36
[INFO] [stdout]     |
[INFO] [stdout] 155 |                     glium::glutin::VirtualKeyCode::S => {
[INFO] [stdout]     |                                    ^^^^^^^^^^^^^^ could not find `VirtualKeyCode` in `glutin`
[INFO] [stdout] 
[INFO] [stdout] 
[INFO] [stdout] error[E0433]: failed to resolve: could not find `VirtualKeyCode` in `glutin`
[INFO] [stdout]    --> src/main.rs:158:36
[INFO] [stdout]     |
[INFO] [stdout] 158 |                     glium::glutin::VirtualKeyCode::D => {
[INFO] [stdout]     |                                    ^^^^^^^^^^^^^^ could not find `VirtualKeyCode` in `glutin`
[INFO] [stdout] 
[INFO] [stdout] 
[INFO] [stdout] error[E0433]: failed to resolve: could not find `VirtualKeyCode` in `glutin`
[INFO] [stdout]    --> src/main.rs:161:36
[INFO] [stdout]     |
[INFO] [stdout] 161 |                     glium::glutin::VirtualKeyCode::F => {
[INFO] [stdout]     |                                    ^^^^^^^^^^^^^^ could not find `VirtualKeyCode` in `glutin`
[INFO] [stdout] 
[INFO] [stdout] 
[INFO] [stdout] error[E0433]: failed to resolve: could not find `VirtualKeyCode` in `glutin`
[INFO] [stdout]    --> src/main.rs:164:36
[INFO] [stdout]     |
[INFO] [stdout] 164 |                     glium::glutin::VirtualKeyCode::Z => {
[INFO] [stdout]     |                                    ^^^^^^^^^^^^^^ could not find `VirtualKeyCode` in `glutin`
[INFO] [stdout] 
[INFO] [stdout] 
[INFO] [stdout] error[E0433]: failed to resolve: could not find `VirtualKeyCode` in `glutin`
[INFO] [stdout]    --> src/main.rs:167:36
[INFO] [stdout]     |
[INFO] [stdout] 167 |                     glium::glutin::VirtualKeyCode::X => {
[INFO] [stdout]     |                                    ^^^^^^^^^^^^^^ could not find `VirtualKeyCode` in `glutin`
[INFO] [stdout] 
[INFO] [stdout] 
[INFO] [stdout] error[E0433]: failed to resolve: could not find `VirtualKeyCode` in `glutin`
[INFO] [stdout]    --> src/main.rs:170:36
[INFO] [stdout]     |
[INFO] [stdout] 170 |                     glium::glutin::VirtualKeyCode::C => {
[INFO] [stdout]     |                                    ^^^^^^^^^^^^^^ could not find `VirtualKeyCode` in `glutin`
[INFO] [stdout] 
[INFO] [stdout] 
[INFO] [stdout] error[E0433]: failed to resolve: could not find `VirtualKeyCode` in `glutin`
[INFO] [stdout]    --> src/main.rs:173:36
[INFO] [stdout]     |
[INFO] [stdout] 173 |                     glium::glutin::VirtualKeyCode::V => {
[INFO] [stdout]     |                                    ^^^^^^^^^^^^^^ could not find `VirtualKeyCode` in `glutin`
[INFO] [stdout] 
[INFO] [stdout] 
[INFO] [stdout] error[E0433]: failed to resolve: could not find `Event` in `glutin`
[INFO] [stdout]    --> src/main.rs:179:28
[INFO] [stdout]     |
[INFO] [stdout] 179 |             glium::glutin::Event::KeyboardInput(glium::glutin::ElementState::Released, _, Some(key)) => {
[INFO] [stdout]     |                            ^^^^^ could not find `Event` in `glutin`
[INFO] [stdout] 
[INFO] [stdout] 
[INFO] [stdout] error[E0433]: failed to resolve: could not find `ElementState` in `glutin`
[INFO] [stdout]    --> src/main.rs:179:64
[INFO] [stdout]     |
[INFO] [stdout] 179 |             glium::glutin::Event::KeyboardInput(glium::glutin::ElementState::Released, _, Some(key)) => {
[INFO] [stdout]     |                                                                ^^^^^^^^^^^^ could not find `ElementState` in `glutin`
[INFO] [stdout] 
[INFO] [stdout] 
[INFO] [stdout] error[E0433]: failed to resolve: could not find `VirtualKeyCode` in `glutin`
[INFO] [stdout]    --> src/main.rs:181:36
[INFO] [stdout]     |
[INFO] [stdout] 181 |                     glium::glutin::VirtualKeyCode::Key1 => {
[INFO] [stdout]     |                                    ^^^^^^^^^^^^^^ could not find `VirtualKeyCode` in `glutin`
[INFO] [stdout] 
[INFO] [stdout] 
[INFO] [stdout] error[E0433]: failed to resolve: could not find `VirtualKeyCode` in `glutin`
[INFO] [stdout]    --> src/main.rs:184:36
[INFO] [stdout]     |
[INFO] [stdout] 184 |                     glium::glutin::VirtualKeyCode::Key2 => {
[INFO] [stdout]     |                                    ^^^^^^^^^^^^^^ could not find `VirtualKeyCode` in `glutin`
[INFO] [stdout] 
[INFO] [stdout] 
[INFO] [stdout] error[E0433]: failed to resolve: could not find `VirtualKeyCode` in `glutin`
[INFO] [stdout]    --> src/main.rs:187:36
[INFO] [stdout]     |
[INFO] [stdout] 187 |                     glium::glutin::VirtualKeyCode::Key3 => {
[INFO] [stdout]     |                                    ^^^^^^^^^^^^^^ could not find `VirtualKeyCode` in `glutin`
[INFO] [stdout] 
[INFO] [stdout] 
[INFO] [stdout] error[E0433]: failed to resolve: could not find `VirtualKeyCode` in `glutin`
[INFO] [stdout]    --> src/main.rs:190:36
[INFO] [stdout]     |
[INFO] [stdout] 190 |                     glium::glutin::VirtualKeyCode::Key4 => {
[INFO] [stdout]     |                                    ^^^^^^^^^^^^^^ could not find `VirtualKeyCode` in `glutin`
[INFO] [stdout] 
[INFO] [stdout] 
[INFO] [stdout] error[E0433]: failed to resolve: could not find `VirtualKeyCode` in `glutin`
[INFO] [stdout]    --> src/main.rs:193:36
[INFO] [stdout]     |
[INFO] [stdout] 193 |                     glium::glutin::VirtualKeyCode::Q => {
[INFO] [stdout]     |                                    ^^^^^^^^^^^^^^ could not find `VirtualKeyCode` in `glutin`
[INFO] [stdout] 
[INFO] [stdout] 
[INFO] [stdout] error[E0433]: failed to resolve: could not find `VirtualKeyCode` in `glutin`
[INFO] [stdout]    --> src/main.rs:196:36
[INFO] [stdout]     |
[INFO] [stdout] 196 |                     glium::glutin::VirtualKeyCode::W => {
[INFO] [stdout]     |                                    ^^^^^^^^^^^^^^ could not find `VirtualKeyCode` in `glutin`
[INFO] [stdout] 
[INFO] [stdout] 
[INFO] [stdout] error[E0433]: failed to resolve: could not find `VirtualKeyCode` in `glutin`
[INFO] [stdout]    --> src/main.rs:199:36
[INFO] [stdout]     |
[INFO] [stdout] 199 |                     glium::glutin::VirtualKeyCode::E => {
[INFO] [stdout]     |                                    ^^^^^^^^^^^^^^ could not find `VirtualKeyCode` in `glutin`
[INFO] [stdout] 
[INFO] [stdout] 
[INFO] [stdout] error[E0433]: failed to resolve: could not find `VirtualKeyCode` in `glutin`
[INFO] [stdout]    --> src/main.rs:202:36
[INFO] [stdout]     |
[INFO] [stdout] 202 |                     glium::glutin::VirtualKeyCode::R => {
[INFO] [stdout]     |                                    ^^^^^^^^^^^^^^ could not find `VirtualKeyCode` in `glutin`
[INFO] [stdout] 
[INFO] [stdout] 
[INFO] [stdout] error[E0433]: failed to resolve: could not find `VirtualKeyCode` in `glutin`
[INFO] [stdout]    --> src/main.rs:205:36
[INFO] [stdout]     |
[INFO] [stdout] 205 |                     glium::glutin::VirtualKeyCode::A => {
[INFO] [stdout]     |                                    ^^^^^^^^^^^^^^ could not find `VirtualKeyCode` in `glutin`
[INFO] [stdout] 
[INFO] [stdout] 
[INFO] [stdout] error[E0433]: failed to resolve: could not find `VirtualKeyCode` in `glutin`
[INFO] [stdout]    --> src/main.rs:208:36
[INFO] [stdout]     |
[INFO] [stdout] 208 |                     glium::glutin::VirtualKeyCode::S => {
[INFO] [stdout]     |                                    ^^^^^^^^^^^^^^ could not find `VirtualKeyCode` in `glutin`
[INFO] [stdout] 
[INFO] [stdout] 
[INFO] [stdout] error[E0433]: failed to resolve: could not find `VirtualKeyCode` in `glutin`
[INFO] [stdout]    --> src/main.rs:211:36
[INFO] [stdout]     |
[INFO] [stdout] 211 |                     glium::glutin::VirtualKeyCode::D => {
[INFO] [stdout]     |                                    ^^^^^^^^^^^^^^ could not find `VirtualKeyCode` in `glutin`
[INFO] [stdout] 
[INFO] [stdout] 
[INFO] [stdout] error[E0433]: failed to resolve: could not find `VirtualKeyCode` in `glutin`
[INFO] [stdout]    --> src/main.rs:214:36
[INFO] [stdout]     |
[INFO] [stdout] 214 |                     glium::glutin::VirtualKeyCode::F => {
[INFO] [stdout]     |                                    ^^^^^^^^^^^^^^ could not find `VirtualKeyCode` in `glutin`
[INFO] [stdout] 
[INFO] [stdout] 
[INFO] [stdout] error[E0433]: failed to resolve: could not find `VirtualKeyCode` in `glutin`
[INFO] [stdout]    --> src/main.rs:217:36
[INFO] [stdout]     |
[INFO] [stdout] 217 |                     glium::glutin::VirtualKeyCode::Z => {
[INFO] [stdout]     |                                    ^^^^^^^^^^^^^^ could not find `VirtualKeyCode` in `glutin`
[INFO] [stdout] 
[INFO] [stdout] 
[INFO] [stdout] error[E0433]: failed to resolve: could not find `VirtualKeyCode` in `glutin`
[INFO] [stdout]    --> src/main.rs:220:36
[INFO] [stdout]     |
[INFO] [stdout] 220 |                     glium::glutin::VirtualKeyCode::X => {
[INFO] [stdout]     |                                    ^^^^^^^^^^^^^^ could not find `VirtualKeyCode` in `glutin`
[INFO] [stdout] 
[INFO] [stdout] 
[INFO] [stdout] error[E0433]: failed to resolve: could not find `VirtualKeyCode` in `glutin`
[INFO] [stdout]    --> src/main.rs:223:36
[INFO] [stdout]     |
[INFO] [stdout] 223 |                     glium::glutin::VirtualKeyCode::C => {
[INFO] [stdout]     |                                    ^^^^^^^^^^^^^^ could not find `VirtualKeyCode` in `glutin`
[INFO] [stdout] 
[INFO] [stdout] 
[INFO] [stdout] error[E0433]: failed to resolve: could not find `VirtualKeyCode` in `glutin`
[INFO] [stdout]    --> src/main.rs:226:36
[INFO] [stdout]     |
[INFO] [stdout] 226 |                     glium::glutin::VirtualKeyCode::V => {
[INFO] [stdout]     |                                    ^^^^^^^^^^^^^^ could not find `VirtualKeyCode` in `glutin`
[INFO] [stdout] 
[INFO] [stdout] 
[INFO] [stdout] error[E0433]: failed to resolve: could not find `glutin_backend` in `backend`
[INFO] [stdout]    --> src/main.rs:238:90
[INFO] [stdout]     |
[INFO] [stdout] 238 | fn emulate_cycle(state: &mut Chip8State, memory: &mut Vec<u8>, display: &glium::backend::glutin_backend::GlutinFacade) {   
[INFO] [stdout]     |                                                                                          ^^^^^^^^^^^^^^ could not find `glutin_backend` in `backend`
[INFO] [stdout] 
[INFO] [stdout] 
[INFO] [stdout] error[E0433]: failed to resolve: could not find `WindowBuilder` in `glutin`
[INFO] [stdout]   --> src/main.rs:65:27
[INFO] [stdout]    |
[INFO] [stdout] 65 |     let display = glutin::WindowBuilder::new()
[INFO] [stdout]    |                           ^^^^^^^^^^^^^ not found in `glutin`
[INFO] [stdout]    |
[INFO] [stdout] help: consider importing this struct
[INFO] [stdout]    |
[INFO] [stdout] 7  | use glutin::window::WindowBuilder;
[INFO] [stdout]    |
[INFO] [stdout] 
[INFO] [stdout] 
[INFO] [stdout] warning: unused `#[macro_use]` import
[INFO] [stdout]  --> src/main.rs:1:1
[INFO] [stdout]   |
[INFO] [stdout] 1 | #[macro_use]
[INFO] [stdout]   | ^^^^^^^^^^^^
[INFO] [stdout]   |
[INFO] [stdout]   = note: `#[warn(unused_imports)]` on by default
[INFO] [stdout] 
[INFO] [stdout] 
[INFO] [stdout] error: aborting due to 40 previous errors; 1 warning emitted
[INFO] [stdout] 
[INFO] [stdout] 
[INFO] [stdout] Some errors have detailed explanations: E0432, E0433.
[INFO] [stdout] 
[INFO] [stdout] For more information about an error, try `rustc --explain E0432`.
[INFO] [stdout] 
[INFO] [stderr] error: could not compile `rust_chip8`.
[INFO] [stderr] 
[INFO] [stderr] To learn more, run the command again with --verbose.
[INFO] [stderr] warning: build failed, waiting for other jobs to finish...
[INFO] [stdout] error: aborting due to 40 previous errors; 1 warning emitted
[INFO] [stdout] 
[INFO] [stdout] 
[INFO] [stdout] Some errors have detailed explanations: E0432, E0433.
[INFO] [stdout] 
[INFO] [stdout] For more information about an error, try `rustc --explain E0432`.
[INFO] [stdout] 
[INFO] [stderr] error: build failed
[INFO] running `Command { std: "docker" "inspect" "5e31634258d46ee96653a5438cbaee06ed915fbbc100d31df304bcc7efb23ec4", kill_on_drop: false }`
[INFO] running `Command { std: "docker" "rm" "-f" "5e31634258d46ee96653a5438cbaee06ed915fbbc100d31df304bcc7efb23ec4", kill_on_drop: false }`
[INFO] [stdout] 5e31634258d46ee96653a5438cbaee06ed915fbbc100d31df304bcc7efb23ec4
